342
In base 16, what is 1 - 2d?
-2c
In base 12, what is 1 + -1110?
-110b
In base 13, what is 32a - -35?
362
In base 7, what is 101531 + -5?
101523
In base 13, what is 3 + 2504?
2507
In base 6, what is -14243 - -4?
-14235
In base 4, what is -121 - -1131?
1010
In base 6, what is -23 + -141?
-204
In base 13, what is -350 + 13?
-33a
In base 11, what is 2284 - 2?
2282
In base 3, what is -2000 + 2020?
20
In base 15, what is ae - -13?
c2
In base 9, what is 2 - 38?
-36
In base 2, what is -100 - -11111010?
11110110
In base 9, what is 112 - -1?
113
In base 7, what is 430 + -4?
423
In base 8, what is -1246 - -2?
-1244
In base 5, what is 0 - -221120?
221120
In base 9, what is -2 - -417?
415
In base 3, what is 10020 + 0?
10020
In base 12, what is 3 - -5?
8
In base 4, what is -1003031 + 2?
-1003023
In base 10, what is -1 + 79?
78
In base 4, what is -10323 + 10?
-10313
In base 12, what is 8b9 - -4?
901
In base 4, what is -103 + 10312?
10203
In base 14, what is c + -b?
1
In base 16, what is -d0e + -3?
-d11
In base 11, what is -15447 - 1?
-15448
In base 15, what is 3 - 3e?
-3b
In base 13, what is 3 - -3588?
358b
In base 3, what is 201 - -120?
1021
In base 2, what is 0 - -1101011100?
1101011100
In base 15, what is -d + 20?
12
In base 8, what is -163 + -1?
-164
In base 10, what is -3 - 531?
-534
In base 7, what is 1 + 235?
236
In base 15, what is a - -2a3?
2ad
In base 14, what is 2 - 18d?
-18b
In base 5, what is 2101 - 20?
2031
In base 13, what is 24 + -2?
22
In base 16, what is -770 - -3?
-76d
In base 8, what is 1554 - 1?
1553
In base 9, what is 6 - 313?
-306
In base 12, what is -4 + -42?
-46
In base 6, what is -525 - 15?
-544
In base 15, what is 7e + -1?
7d
In base 3, what is 22 - 101200?
-101101
In base 12, what is 4 - -167?
16b
In base 5, what is -421 - 40?
-1011
In base 3, what is 110 - 1102?
-222
In base 16, what is 8c + -35?
57
In base 16, what is -1b57 + -2?
-1b59
In base 6, what is 412 - 2?
410
In base 15, what is -d3b5 - -4?
-d3b1
In base 2, what is -101001001 - 11?
-101001100
In base 6, what is -355 + -4?
-403
In base 5, what is 0 - -2434?
2434
In base 15, what is 4 - 7c?
-78
In base 14, what is -1a + 1?
-19
In base 15, what is 4e + -36?
18
In base 2, what is 10101001101 - 11?
10101001010
In base 10, what is -4 - 31?
-35
In base 13, what is -2a4 - -4?
-2a0
In base 13, what is -1605 - -5?
-1600
In base 11, what is 372 - -4?
376
In base 15, what is 3a + -9?
31
In base 14, what is -4 + -73b?
-741
In base 5, what is 304 - -10?
314
In base 4, what is -10 - 12330?
-13000
In base 6, what is -442 + 2?
-440
In base 13, what is 54 - 84?
-30
In base 15, what is a + -17?
-c
In base 2, what is 1000 - 1110001100?
-1110000100
In base 6, what is -3503 + -41?
-3544
In base 15, what is 18e - 6?
188
In base 14, what is 1a55 - 4?
1a51
In base 5, what is -2240 + 3?
-2232
In base 9, what is 53 - 2?
51
In base 2, what is -101000000 + -110?
-101000110
In base 8, what is -2 - -20?
16
In base 12, what is 1 - 29?
-28
In base 5, what is -314 - -10?
-304
In base 14, what is -159 + 12?
-147
In base 9, what is 136 + -50?
76
In base 10, what is 2 + -56?
-54
In base 8, what is -2 + -3?
-5
In base 6, what is -51 - -10?
-41
In base 12, what is 8 + 7?
13
In base 13, what is -8 + 14?
9
In base 9, what is 1012 + 6?
1018
In base 8, what is -2 - -150?
146
In base 9, what is 3 - -53?
56
In base 12, what is -4 + 2331?
2329
In base 4, what is 11 + 3021?
3032
In base 11, what is -92 + 36?
-57
In base 3, what is 20111 - -2?
20120
In base 9, what is -2506 + 4?
-2502
In base 12, what is 6 + 43?
49
In base 11, what is -22 + 23?
1
In base 7, what is -64 + -2?
-66
In base 5, what is 14 - -113333?
113402
In base 11, what is 1247 + 2?
1249
In base 12, what is -208 - -3?
-205
In base 11, what is 176 - -6?
181
In base 5, what is -12432 - 10?
-12442
In base 11, what is -4 - 33?
-37
In base 10, what is -1 + 162?
161
In base 8, what is 31 - -12?
43
In base 14, what is -6 - -5c7?
5c1
In base 13, what is -22a - -1?
-229
In base 16, what is -4 + -26?
-2a
In base 16, what is -5 + 242?
23d
In base 9, what is 4 - -1110?
1114
In base 14, what is cb + -3?
c8
In base 11, what is 5 - 278?
-273
In base 3, what is 121202 + -12?
121120
In base 2, what is 11 + -1001110?
-1001011
In base 8, what is 1 + -623?
-622
In base 8, what is -36 - -216?
160
In base 15, what is a8 - 19?
8e
In base 3, what is 22 - 20200?
-20101
In base 14, what is 9 - 19?
-10
In base 16, what is 5 - 6b3?
-6ae
In base 3, what is 0 - 1001210?
-1001210
In base 14, what is -6c - 5?
-73
In base 15, what is -22 - -18?
-9
In base 6, what is 202 - -11?
213
In base 3, what is 1 + -2000221?
-2000220
In base 10, what is 153 + -1?
152
In base 16, what is -1d + 2b?
e
In base 15, what is -5 + 261?
25b
In base 5, what is 0 - -211?
211
In base 15, what is d + -4?
9
In base 4, what is 10 - -220?
230
In base 9, what is -100 + -133?
-233
In base 9, what is -1 + -1056?
-1057
In base 9, what is 17 + -463?
-445
In base 2, what is -1001100 + 110?
-1000110
In base 3, what is -1110 + 2?
-1101
In base 16, what is -6a0 + 8?
-698
In base 5, what is -34214 - -2?
-34212
In base 11, what is -20 + 474?
454
In base 14, what is db + 5?
102
In base 3, what is -1222 - 111?
-2110
In base 14, what is 1 + 21?
22
In base 14, what is 1 - 45?
-44
In base 5, what is 141022 + -3?
141014
In base 10, what is 4 - 4280?
-4276
In base 13, what is 39 + -12?
27
In base 15, what is -17 + -14?
-2b
In base 11, what is -1 - -1a1?
1a0
In base 12, what is -2 - -17a?
178
In base 16, what is -2 + 1fa?
1f8
In base 11, what is -96 - -52?
-44
In base 16, what is 24 + 1?
25
In base 9, what is -204 - 3?
-207
In base 13, what is -5 - 5b3?
-5b8
In base 8, what is -34 + -61?
-115
In base 11, what is 19 - -12?
30
In base 11, what is a - 13?
-4
In base 10, what is 89 - 3?
86
In base 16, what is 0 - -87?
87
In base 9, what is -47 - -35?
-12
In base 3, what is -12 - 12021210?
-12021222
In base 16, what is d0 - 3?
cd
In base 9, what is 52 - -5?
57
In base 16, what is 18f - -3?
192
In base 8, what is 5 + -300?
-273
In base 16, what is -9a + 47?
-53
In base 5, what is -12013 + 2?
-12011
In base 5, what is 13331 + 3?
13334
In base 6, what is 5 + 123?
132
In base 14, what is 1 - -61a?
61b
In base 7, what is -132 + 32?
-100
In base 11, what is 196 + 3?
199
In base 4, what is -11 + 222?
211
In base 15, what is -3 - -d0?
cc
In base 11, what is 4 - a32?
-a29
In base 12, what is 4 + 125?
129
In base 16, what is 881 - 2?
87f
In base 14, what is -5 - -17?
12
In base 13, what is -371 - 3?
-374
In base 15, what is 437 - 2?
435
In base 7, what is -232 + 2?
-230
In base 8, what is 0 + 1642?
1642
In base 6, what is 0 + 23?
23
In base 2, what is -1100 - -11110110011?
11110100111
In base 9, what is 24 - -224?
248
In base 3, what is -12 - -100001?
22212
In base 3, what is -220 + -11?
-1001
In base 14, what is 4 + -9a?
-96
In base 12, what is 5 - a4?
-9b
In base 10, what is 5 + 10?
15
In base 9, what is 146 - -2?
148
In base 3, what is -10 - 10220?
-11000
In base 2, what is 100001 + -1101110?
-1001101
In base 2, what is 0 + -110011101?
-110011101
In base 16, what is 21e - 3?
21b
In base 4, what is 1200030 + -11?
1200013
In base 15, what is 579 + -2?
577
In base 13, what is 0 + -a1?
-a1
In base 12, what is 135 + 2?
137
In base 12, what is 69 - 1?
68
In base 6, what is -15 + 14?
-1
In base 15, what is -2 - 450?
-452
In base 13, what is 4 - 4a4?
-4a0
In base 11, what is -3a + a?
-30
In base 3, what is -10101201 - 21?
-10101222
In base 4, what is -113 - -10?
-103
In base 12, what is 244 - -15?
259
In base 3, what is 100010100 - 11?
100010012
In base 9, what is -2 + -46?
-48
In base 4, what is -31 - 0?
-31
In base 11, what is -3 + -15?
-18
In base 7, what is 16 + -2624?
-2605
In base 7, what is -246 - 2?
-251
In base 12, what is 1 - -2b5?
2b6
In base 15, what is 2a + 2e?
59
In base 13, what is -2 - -1766?
1764
In base 10, what is 13 - -1?
14
In base 4, what is -100 - -10123?
10023
In base 10, what is -150 - 2?
-152
In base 14, what is 55 - -21?
76
In base 9, what is 283 - 0?
283
In base 14, what is 4b + c?
59
In base 3, what is 20 - -102?
122
In base 11, what is 745 - -3?
748
In base 10, what is 1 - -199?
200
In base 6, what is 5 - -5?
14
In base 10, what is 3107 - 1?
3106
In base 12, what is 5 - 18?
-13
In base 7, what is -15 - 0?
-15
In b